{"id":3349,"date":"2020-06-28T19:03:24","date_gmt":"2020-06-28T17:03:24","guid":{"rendered":"http:\/\/wilhelm-busch-realschule.de\/?page_id=3349"},"modified":"2021-11-18T11:25:52","modified_gmt":"2021-11-18T10:25:52","slug":"englisch","status":"publish","type":"page","link":"https:\/\/www.wilhelm-busch-realschule.de\/?page_id=3349","title":{"rendered":"Englisch"},"content":{"rendered":"\n<div class=\"wp-block-media-text alignfull is-stacked-on-mobile\"><figure class=\"wp-block-media-text__media\"><img fetchpriority=\"high\" decoding=\"async\" width=\"1024\" height=\"575\" src=\"http:\/\/wilhelm-busch-realschule.de\/wp-content\/uploads\/2021\/10\/20210817_rs_1L0A0074-Fachschaft-Englisch-Kopie-1024x575.jpg\" alt=\"\" class=\"wp-image-5463\" srcset=\"https:\/\/www.wilhelm-busch-realschule.de\/wp-content\/uploads\/2021\/10\/20210817_rs_1L0A0074-Fachschaft-Englisch-Kopie-1024x575.jpg 1024w, https:\/\/www.wilhelm-busch-realschule.de\/wp-content\/uploads\/2021\/10\/20210817_rs_1L0A0074-Fachschaft-Englisch-Kopie-300x169.jpg 300w, https:\/\/www.wilhelm-busch-realschule.de\/wp-content\/uploads\/2021\/10\/20210817_rs_1L0A0074-Fachschaft-Englisch-Kopie-768x432.jpg 768w, https:\/\/www.wilhelm-busch-realschule.de\/wp-content\/uploads\/2021\/10\/20210817_rs_1L0A0074-Fachschaft-Englisch-Kopie-1536x863.jpg 1536w, https:\/\/www.wilhelm-busch-realschule.de\/wp-content\/uploads\/2021\/10\/20210817_rs_1L0A0074-Fachschaft-Englisch-Kopie-2048x1151.jpg 2048w\" sizes=\"(max-width: 1024px) 100vw, 1024px\" \/><\/figure><div class=\"wp-block-media-text__content\">\n<p class=\"has-large-font-size\"><\/p>\n<\/div><\/div>\n\n\n\n<p>(oben: WI, RN, SO, DC, KW, FE; unten: ZI, EN, PG, BO, ZN)<\/p>\n\n\n\n<p><em>Hello everybody!<\/em><\/p>\n\n\n\n<p>Englisch ist heute DIE Weltsprache. Sie wird in Europa beispielsweise in England, Schottland, Wales, Irland, Nordirland und Malta gesprochen. In den meisten internationalen Begegnungssituationen wird Englisch gesprochen und in vielen Berufen werden heute Englischkenntnisse erwartet.<\/p>\n\n\n\n<p>An der Wilhelm-Busch-Realschule (WBRS) wird Englisch von der 5. bis zur 10. Klasse unterrichtet. Wie Mathematik oder Deutsch ist Englisch ein Hauptfach. In der 10. Klasse legen die Sch\u00fclerinnen und Sch\u00fcler eine m\u00fcndliche Pr\u00fcfung ab. Au\u00dferdem wird am Ende der 10. Klasse in ganz Nordrhein-Westfalen die Zentrale Pr\u00fcfung (ZP) in den Hauptf\u00e4chern, also auch in Englisch, geschrieben.<\/p>\n\n\n\n<p>Wir arbeiten an der WBRS mit dem Lehrwerk <em>Red Line<\/em> und dem dazugeh\u00f6rigen <em>Workbook<\/em> aus dem Klett-Verlag. Dieses Buch schult die Kompetenzen H\u00f6ren, Sprechen, Lesen und Schreiben und bietet differenzierte Aufgabentypen an, so dass unsere Sch\u00fclerinnen und Sch\u00fcler gut auf die m\u00fcndliche Pr\u00fcfung und die ZP im Jahrgang 10 vorbereitet werden. Zudem sind weitere (k\u00fcrzere) m\u00fcndliche Pr\u00fcfungen in den unteren und mittleren Jahrg\u00e4ngen geplant, damit unsere Sch\u00fclerinnen und Sch\u00fcler mit dieser Form der Pr\u00fcfung immer vertrauter werden. Sch\u00fclerinnen und Sch\u00fcler mit einem F\u00f6rderschwerpunkt arbeiten vorrangig mit Materialien des Lehrwerks <em>Klick!<\/em> aus dem Cornelsen-Verlag. Auch hier werden die vier Kompetenzen geschult und verschiede Lern- und Arbeitstechniken vermittelt.<\/p>\n\n\n\n<p>Im Englischunterricht besch\u00e4ftigen wir uns vorrangig mit dem Erlernen der englischen Sprache. Dazu geh\u00f6ren neben den sprachlichen Strukturen nat\u00fcrlich auch das Kennenlernen vieler L\u00e4nder, in denen Englisch gesprochen wird, wie zum Beispiel den Britischen Inseln, den USA, Australien, der Karibik, S\u00fcdafrika und Hong Kong. Wir behandeln konkrete Situationen, in denen die vier Kompetenzen H\u00f6ren, Lesen, Sprechen und Schreiben trainiert werden, wie zum Beispiel Einkaufen, Wegbeschreibungen, die eigene Meinung \u00e4u\u00dfern sowie Pr\u00e4sentationen erstellen und eigene Geschichten schreiben. Es besteht au\u00dferdem die M\u00f6glichkeit im Unterricht gemeinsam eine Lekt\u00fcre auf Englisch zu lesen. F\u00fcr die h\u00f6heren Jahrg\u00e4nge wird in der Regel eine eint\u00e4gige Fahrt nach London angeboten.<\/p>\n\n\n\n<p><em>See you soon!<\/em><\/p>\n","protected":false},"excerpt":{"rendered":"<p>(oben: WI, RN, SO, DC, KW, FE; unten: ZI, EN, PG, BO, ZN) Hello everybody! Englisch ist heute DIE Weltsprache. Sie wird in Europa beispielsweise in England, Schottland, Wales, Irland, [&hellip;]<\/p>\n","protected":false},"author":7,"featured_media":0,"parent":0,"menu_order":0,"comment_status":"closed","ping_status":"closed","template":"","meta":{"ngg_post_thumbnail":0,"ocean_post_layout":"","ocean_both_sidebars_style":"","ocean_both_sidebars_content_width":0,"ocean_both_sidebars_sidebars_width":0,"ocean_sidebar":"0","ocean_second_sidebar":"0","ocean_disable_margins":"enable","ocean_add_body_class":"","ocean_shortcode_before_top_bar":"","ocean_shortcode_after_top_bar":"","ocean_shortcode_before_header":"","ocean_shortcode_after_header":"","ocean_has_shortcode":"","ocean_shortcode_after_title":"","ocean_shortcode_before_footer_widgets":"","ocean_shortcode_after_footer_widgets":"","ocean_shortcode_before_footer_bottom":"","ocean_shortcode_after_footer_bottom":"","ocean_display_top_bar":"default","ocean_display_header":"default","ocean_header_style":"","ocean_center_header_left_menu":"0","ocean_custom_header_template":"0","ocean_custom_logo":0,"ocean_custom_retina_logo":0,"ocean_custom_logo_max_width":0,"ocean_custom_logo_tablet_max_width":0,"ocean_custom_logo_mobile_max_width":0,"ocean_custom_logo_max_height":0,"ocean_custom_logo_tablet_max_height":0,"ocean_custom_logo_mobile_max_height":0,"ocean_header_custom_menu":"0","ocean_menu_typo_font_family":"0","ocean_menu_typo_font_subset":"","ocean_menu_typo_font_size":0,"ocean_menu_typo_font_size_tablet":0,"ocean_menu_typo_font_size_mobile":0,"ocean_menu_typo_font_size_unit":"px","ocean_menu_typo_font_weight":"","ocean_menu_typo_font_weight_tablet":"","ocean_menu_typo_font_weight_mobile":"","ocean_menu_typo_transform":"","ocean_menu_typo_transform_tablet":"","ocean_menu_typo_transform_mobile":"","ocean_menu_typo_line_height":0,"ocean_menu_typo_line_height_tablet":0,"ocean_menu_typo_line_height_mobile":0,"ocean_menu_typo_line_height_unit":"","ocean_menu_typo_spacing":0,"ocean_menu_typo_spacing_tablet":0,"ocean_menu_typo_spacing_mobile":0,"ocean_menu_typo_spacing_unit":"","ocean_menu_link_color":"","ocean_menu_link_color_hover":"","ocean_menu_link_color_active":"","ocean_menu_link_background":"","ocean_menu_link_hover_background":"","ocean_menu_link_active_background":"","ocean_menu_social_links_bg":"","ocean_menu_social_hover_links_bg":"","ocean_menu_social_links_color":"","ocean_menu_social_hover_links_color":"","ocean_disable_title":"default","ocean_disable_heading":"default","ocean_post_title":"","ocean_post_subheading":"","ocean_post_title_style":"","ocean_post_title_background_color":"","ocean_post_title_background":0,"ocean_post_title_bg_image_position":"","ocean_post_title_bg_image_attachment":"","ocean_post_title_bg_image_repeat":"","ocean_post_title_bg_image_size":"","ocean_post_title_height":0,"ocean_post_title_bg_overlay":0.5,"ocean_post_title_bg_overlay_color":"","ocean_disable_breadcrumbs":"default","ocean_breadcrumbs_color":"","ocean_breadcrumbs_separator_color":"","ocean_breadcrumbs_links_color":"","ocean_breadcrumbs_links_hover_color":"","ocean_display_footer_widgets":"default","ocean_display_footer_bottom":"default","ocean_custom_footer_template":"0","footnotes":""},"class_list":["post-3349","page","type-page","status-publish","hentry","entry"],"_links":{"self":[{"href":"https:\/\/www.wilhelm-busch-realschule.de\/index.php?rest_route=\/wp\/v2\/pages\/3349","targetHints":{"allow":["GET"]}}],"collection":[{"href":"https:\/\/www.wilhelm-busch-realschule.de\/index.php?rest_route=\/wp\/v2\/pages"}],"about":[{"href":"https:\/\/www.wilhelm-busch-realschule.de\/index.php?rest_route=\/wp\/v2\/types\/page"}],"author":[{"embeddable":true,"href":"https:\/\/www.wilhelm-busch-realschule.de\/index.php?rest_route=\/wp\/v2\/users\/7"}],"replies":[{"embeddable":true,"href":"https:\/\/www.wilhelm-busch-realschule.de\/index.php?rest_route=%2Fwp%2Fv2%2Fcomments&post=3349"}],"version-history":[{"count":4,"href":"https:\/\/www.wilhelm-busch-realschule.de\/index.php?rest_route=\/wp\/v2\/pages\/3349\/revisions"}],"predecessor-version":[{"id":5709,"href":"https:\/\/www.wilhelm-busch-realschule.de\/index.php?rest_route=\/wp\/v2\/pages\/3349\/revisions\/5709"}],"wp:attachment":[{"href":"https:\/\/www.wilhelm-busch-realschule.de\/index.php?rest_route=%2Fwp%2Fv2%2Fmedia&parent=3349"}],"curies":[{"name":"wp","href":"https:\/\/api.w.org\/{rel}","templated":true}]}}